 Suppose -z - y = -4*z. Is z a prime number?
False
Let h be (1*0/2)/(-2). Suppose j - 3*k - 139 = k, 580 = 4*j - 4*k. Suppose 3*q - j = -h*q. Is q a prime number?
False
Suppose -5*n - 6*w = -w - 5, -2*w = -3*n + 23. Suppose -p + n*p = 228. Is p a composite number?
True
Let y(n) = 184*n - 17. Is y(7) prime?
False
Is (-5 - 3479/(-14))*2/1 a composite number?
False
Let u(k) = -22*k + 28*k + 3 + 50*k + 79*k. Is u(6) prime?
False
Let w(r) = -47*r**2 + 7*r - 7. Let k(o) = -24*o**2 + 4*o - 4. Let u(q) = 5*k(q) - 3*w(q). Suppose -v + 2 + 0 = 0. Is u(v) composite?
False
Suppose 5*u - 5*p = 2075, 2*u + 2*p = -0*u + 838. Let a = -94 + u. Is a a prime number?
False
Is (2*(-2)/8)/(3/(-1734)) prime?
False
Suppose -y = 3*y - 1268. Is y composite?
False
Let x = 15 + -11. Let c(t) = 4*t**2 + 3*t - 2. Let s be c(x). Let k = s + -37. Is k composite?
False
Let u = 22 + 1599. Is u a prime number?
True
Let h = -5 + 7. Suppose 4*s = h*s + 68. Is s a prime number?
False
Let a(x) = -x**3 + 10*x**2 + 2*x + 2. Is a(6) prime?
False
Let x(t) = -6*t**3 + 2*t**2 + 3*t + 3. Let q be (8/10)/((-2)/(-10)). Suppose u + q = -u. Is x(u) composite?
False
Let c(u) = 12 + 3*u - 4*u + 5*u - 3*u. Let t be c(-8). Let z(l) = 2*l**2 + l - 5. Is z(t) a composite number?
False
Let q(s) = s**2 + 11*s - 9. Let b be q(-12). Suppose -g + 356 = b*g. Is g composite?
False
Let x(r) = -2*r - 4 + 2*r**2 - 5*r - r. Is x(7) a prime number?
False
Let t = 2608 + -647. Is t prime?
False
Suppose 0 = -3*b - 4*l + 8, -16 + 6 = -2*b - 5*l. Suppose 5*p + 16 = c - 16, p + 5*c - 4 = b. Is (p/(-9))/(1/15) prime?
False
Let f(l) = 14*l + 4. Suppose 0 = o + 4*w + 15, 0 = 2*o - 5*w + 3 - 38. Is f(o) a prime number?
False
Suppose 5 = i - 18. Is i prime?
True
Suppose -c + 607 = 4*c + o, -3*c = -4*o - 355. Is c prime?
False
Let k be (-1)/3*16188/(-4). Is 6/(-24) - k/(-4) a composite number?
False
Let c = 9 - 5. Suppose -4*q = c*a + 24 - 8, -2*a + 7 = 5*q. Let m = 46 + a. Is m prime?
True
Suppose 6 + 226 = 4*p. Is p a composite number?
True
Let d(j) = -48*j + 5. Let n be d(-4). Suppose 2*m - n - 301 = 0. Is m prime?
False
Suppose -5*q = n + 42, n = -0*n + q - 12. Let y = 2 - n. Is y composite?
False
Suppose 20142 = 4*u + 2*v, -2*v = -u + 2189 + 2834. Is u prime?
False
Let j(p) = -p**2 + 11*p + 2. Let n be j(10). Suppose 7 = r + 7*w - 3*w, -3*w = 3*r - n. Suppose -3*d = 3*k - 636, r*k + k - 843 = -5*d. Is k a prime number?
False
Let q = -15 + 9. Is 74/(7/((-21)/q)) a prime number?
True
Is ((-1100)/(-30))/((-2)/(-3)) prime?
False
Let x be 1 + -1*(-27)/1. Suppose 5*t = x + 97. Is t a composite number?
True
Suppose 9*f - 12*f - 9 = 0. Let r(b) = 5*b**2 - 2 + b**3 + 0*b**3 - 2*b + 5*b. Is r(f) a composite number?
False
Let l(w) = 415*w**2 - w. Let c be l(-1). Suppose -n = 28 - c. Suppose 3*f = 7*f - n. Is f a composite number?
False
Suppose -6*t + 1806 = 492. Is t a prime number?
False
Let k(m) be the first derivative of -2 + 3*m**2 + 9*m + 10/3*m**3 + 1/4*m**4. Is k(-8) a prime number?
True
Let b(o) be the first derivative of o**4/4 + 8*o**3/3 + o**2/2 + 6*o - 2. Let a be b(-8). Is 1*-46*1/a composite?
False
Suppose 5*a - 5 = 10. Suppose a*p - 180 = p. Suppose -3*l + p = -69. Is l a composite number?
False
Let l(t) = t**3 + 9*t**2 + 8*t + 8. Let q be l(-8). Suppose -q = -3*k + 1. Let o(x) = 6*x**2 - 1. Is o(k) composite?
False
Suppose -161 = -5*t - 4*o, 4*t - 25 = -5*o + 102. Is t prime?
False
Suppose -3*j - j + 660 = 0. Suppose -4*d - 17 = -j. Is d a composite number?
False
Suppose -3*y - 3 = 78. Is (-392)/(-3) - 9/y composite?
False
Let k = -263 - -603. Let u(n) = -n**2 - 9*n - 16. Let j be u(-6). Suppose 4*m = -5*z + k, -5*z = j*m - 113 - 57. Is m a prime number?
False
Is 2980/(-30)*3/(-2) a composite number?
False
Let o = -143 - -24. Let a = 386 + o. Is a a composite number?
True
Suppose 0 = -4*a - 13 - 19. Let z = a + 29. Is z composite?
True
Is (-3)/(-9)*(1172 + 0 + 1) composite?
True
Suppose 4*l = -2*s + 4, 5*l + 4 + 0 = -s. Suppose p - 100 = s*q - 2*q, -3*q - 400 = -4*p. Suppose -2 = -2*k + p. Is k composite?
True
Let g(w) = 3*w**2 - w - 4*w**2 + 16*w**3 - 4 + 5. Is g(1) prime?
False
Let z(j) = 0*j**3 - 4*j**3 + 0 - 1 + j**2. Let k be z(-1). Let v = k - 1. Is v composite?
False
Let m(s) = -4*s**2 - 3*s + 4. Let l be m(7). Let r(q) = 310*q**3 + q**2 + 2*q + 1. Let u be r(-1). Let n = l - u. Is n a prime number?
True
Is ((-555)/10)/((-3)/6) prime?
False
Suppose 0 = -d + 6*d - 4*j - 39, -4*j = -16. Is (-2)/d - (-6758)/22 a composite number?
False
Suppose 2*v + 49 = 213. Is v prime?
False
Suppose -4*m = -5*q + 1259, 5*q = 4*m - 2*m + 1257. Is q a prime number?
True
Let k(d) = -d**3 - d**2 + 3*d - 2. Let a be k(-4). Suppose -x = -2*b - 33, x = b + 2*b + a. Is x composite?
False
Let l = -553 + 1128. Is (-1)/(-2) + l/10 composite?
True
Let k = -361 + 540. Is k a prime number?
True
Let g = -500 + 751. Is g composite?
False
Let q be (-144)/((-21)/(-6) - 2). Let p = -39 - q. Is p a prime number?
False
Is 10/(-8)*(-18 + -10) a composite number?
True
Let p(m) = 351*m**2 + m - 7. Is p(3) prime?
False
Let o be (0 + -2 - -5)/(-1). Let u be (o/6)/((-1)/(-4)). Is 0 + (u - 118/(-2)) a prime number?
False
Suppose -2*l = -x + 1 - 0, -5*l + 3*x = 4. Let y(d) = 56*d**2 - 1. Is y(l) a prime number?
False
Let b = 217 - -648. Is b a prime number?
False
Let r be 3 + (2 - -187 - -2). Suppose h + j - r = 0, 85 = h + 5*j - 89. Is h prime?
True
Let y(d) = 40*d - 35. Is y(10) prime?
False
Suppose 5*n = -2*b + 35, -3*n - 15 = -n - 5*b. Let u = n + -9. Let s = u + 27. Is s prime?
True
Let m be -2 - ((2 - 14) + 2). Let w(c) = -c**3 + 9*c**2 - 6*c - 1. Let b be w(m). Is (-4 - b)/(2/(-4)) a prime number?
False
Suppose u = -0*u - 27. Let y = -8 - u. Is y composite?
False
Suppose -2*u + 24 = 2*u. Suppose 8*l + 210 = -2*l. Is (-288)/l - u/(-21) prime?
False
Let i(x) = 75*x**2 + 6*x - 3. Is i(2) composite?
True
Suppose -5*b + 150 = -0*b. Suppose 0 = -2*f + 4*f - b. Is f a composite number?
True
Let t = 98 + -36. Is t a composite number?
True
Let l = 133 + -374. Let q = l + 1146. Is q prime?
False
Let x = 436 - 129. Is x a composite number?
False
Let d(c) = c - 11. Let r be d(5). Suppose -2*p - 46 = -2*m, -p + 61 = -m + 4*m. Is r/((-48)/m - -2) a prime number?
False
Suppose 3*w + 533 = 2*w. Let x be (-4)/12 - w/(-3). Let i = x + 255. Is i a composite number?
True
Let a be (-8)/5*45/(-18). Suppose -340 = -4*b - a*l, 275 = -0*b + 3*b - 2*l. Is b a composite number?
False
Is 7 - 2 - (-2188 - -2) a composite number?
True
Let t be (-2)/18 - 5797/(-9). Suppose 4*g - t = -0*g. Is g composite?
True
Let v(c) = -2*c**2 - 7*c + 4. Let p(t) = t - 1. Let w(g) = p(g) - v(g). Is w(-7) prime?
True
Suppose 5 = 4*d + d, 0 = -y - d - 56. Let i = y - -85. Suppose 5*l - 7 - i = 0. Is l a composite number?
False
Let a(q) = -57*q - 6. Let m be a(-5). Let j = -122 + m. Is j a prime number?
True
Let q(v) be the third derivative of v**7/210 + v**6/240 - v**5/40 + v**4/24 - 2*v**2. Let n(o) be the second derivative of q(o). Is n(2) a prime number?
False
Suppose -y + 197 = 2*i, 0*i - 4*y + 206 = 2*i. Let j(l) = l**3 + 4*l**2 + 8*l + 11. Let u be j(-5). Let n = i + u. Is n a composite number?
False
Is 458/5 + 4*6/(-40) a composite number?
True
Suppose -5*i - 5*b = -12735, 4*b = -2*i - 455 + 5557. Is i prime?
True
Suppose -2*v - v + 237 = 0. Suppose v = 3*r - 2*r. Is r a composite number?
False
Suppose 2*m - 166 = -0*m. Suppose -m = -7*b + 6*b. Is b a prime number?
True
Let c be (-755)/15 - (-2)/(-3). Let n = c - -140. Is n composite?
False
Suppose -4*w = -d - 6, -w - 46 = -4*d + w. Let f = -6 + d. Let x(q) = -q**3 + 7*q**2 + 12*q - 1. Is x(f) composite?
False
Let v be 12/2 + -1 + 1. Let c(q) be the first derivative of q**3/3 - q + 8. Is c(v) a composite number?
True
Let n be 1*-3*(-4 + -13). Suppose 467 = 4*x + n. Suppose h - x = -3*h. Is h composite?
True
Suppose 0 = b - 13 - 4. Suppose u = 5*y - 225, 5*u + 205 = 3*y + 2*y. Suppose -3*t + y = -b. Is t a prime number?
False
Let a = 71 + -47. Let n be 5/(15/a) - 2. Is n/27 + (-1598)/(-18) a prime number?
True
Let k(l) = 2*l + 3. Let f(j) = j**2 - j - 2. Let z be f(0). Let n be k(z). Is (n + 9/6)*30 composite?
True
Let z = -67 - 59. Is 2678/18 + (-28)/z a composite number?
False
Let t be (-2 - 0)/(2*1). Let k be 4 + t + (8 - 7). Su